- -11 - ((17 - 9) + (7 - 18))
13
What is -22 - (59 + -51 + (0 - 15))?
-15
9 + (-7 - -3) - -9 - 40
-26
Evaluate (-32 - (1 + -9)) + 48.
24
What is 35 + (-9 + 28 + -11 - 21)?
22
What is -17 + 14 + 44 - (17 + (-5 - 2))?
31
Evaluate -357 + 329 + 9 + (0 - 2).
-21
What is the value of -19 + 6 + -4 - ((-9 - -12) + -5)?
-15
Evaluate (-29 - -31) + (2 - (5 + -3)).
2
What is ((12 - 8) + -4 - -11) + 10?
21
What is the value of 15 + 15 + (1 - 3) + -10?
18
Evaluate -552 + 556 - (-2 + 24).
-18
-4 + (2 - (3 + (6 - (5 + 5))))
-1
Calculate (-4 - (19 - 12)) + -7 + -4.
-22
Evaluate 11 + -7 + 5 + -3 + (-4 - -10).
12
-10 + 9 + (4 - -2) + -3 + 7
9
What is the value of -4 + -5 - (7 - 14)?
-2
Calculate -16 - (-18 + -3 + 11).
-6
Evaluate (109 - 0 - 44) + -32.
33
What is the value of (0 - (0 + -21)) + -137 + 209 + -73?
20
What is the value of 10 + (0 - (2 + (1 - 8))) + -41?
-26
Evaluate 0 - ((-354 - -338) + 0 + 12).
4
What is the value of -8 - (-1 - (12 - -10))?
15
What is the value of 14 - (-15 - (-5 + -14))?
10
Evaluate -241 - -233 - (1 - (18 - 0)).
9
Evaluate -7 - (-13 - 2) - 33 - -8.
-17
What is -25 - -1 - (-27 - (-17 - 3))?
-17
Calculate (-1 - 24 - -9 - -9) + -3.
-10
15 - (28 + -16) - (5 + 1)
-3
Evaluate (-19 - -15) + (-23 - (-6 + 0)).
-21
19 - (-34 - (19 + -34))
38
What is the value of -22 + (-38 - -54 - -37)?
31
What is the value of -24 - (0 - 11 - -2)?
-15
What is the value of (4 - (-6 - (7 - 11))) + -3?
3
What is (7 + 7 + 0 - 2) + -17 + -20?
-25
Evaluate (-17 - 0) + (69 - 50).
2
Calculate 8 - 0 - (-5 - 3 - -5).
11
Evaluate (-6 + -9 - 7) + 3 + -13.
-32
Calculate (6 - 9 - (6 - -13)) + 8.
-14
What is the value of 1 + -2 + ((4 - 12) + 10 - -1)?
2
What is the value of 0 + -4 - (0 - 3)?
-1
What is 12 + -4 + 3 + (-21 - -17)?
7
(-1 + -10 - (-85 - -81)) + 1 + 27
21
What is -131 + 113 + (-5 - -20)?
-3
Evaluate (51 - 44) + (1 - 2).
6
Calculate (-7 + -1 + 5 - -9) + -4.
2
(0 - -3) + (-7 - 19) + -7 + 19
-11
Evaluate -1 + -22 + (9 - (2 - 6) - 7).
-17
What is the value of -15 - (-20 - -9) - (4 - -3)?
-11
Evaluate 0 - (-6 + (3 - -10)).
-7
Evaluate -1 + 29 - (65 + -52).
15
Calculate 18 - (8 - 8) - (-1 - (6 - 0)).
25
Calculate -7 - (-6 - (4 - (3 + -12))).
12
What is the value of -3 + 13 - ((46 - (8 + -2)) + -14)?
-16
Calculate 20 + (0 - (15 - (19 - 9))).
15
What is -11 + (8 - -3) + -8 + 1?
-7
-4 - (-13 + (33 - 19)) - (1 - -18)
-24
(0 - -1) + (29 - (68 - 33))
-5
Evaluate 5 - (-13 - (5 - 36)) - 13.
-26
-6 + 5 + 0 + (11 - 24)
-14
5 + -17 + 6 - (-7 + -2) - -14
17
Calculate 42 - (-23 + 32 - -71).
-38
-284 - -276 - (-2 + 1 + 6)
-13
What is the value of 12 + (-2 - -7) - -4 - 8?
13
Evaluate -4 + (2 - (-7 - -8)) - 5.
-8
What is the value of 6 + -10 + 1 + -11?
-14
Calculate -9 - (11 + -1 + (6 - (-1 + 8))).
-18
What is the value of -69 - -51 - (-11 - 2)?
-5
-14 + (3 + -11 - -11 - -38)
27
27 + -2 + 2 + 6 + -48 + 33
18
(-33 - -7) + (7 - 3) + 3 + -1
-20
What is the value of 1 - (-2 - (13 + -5 + -5))?
6
What is the value of (-3 - ((9 - 0) + -2) - -37) + 4?
31
Calculate (-25 - (13 - 16)) + 11.
-11
What is 52 - (-64 + 86) - (-1 - (2 + -2))?
31
What is the value of 23 + (-22 - (5 + -9) - (-9 - 0))?
14
Calculate 7 + 3 + 4 + (-24 - -24).
14
Calculate -1 - -2 - (10 + -1 + -10 + 6).
-4
Calculate -7 - (-2 - 7 - -18 - 12).
-4
What is the value of 3 - (-4 + 13 + -9)?
3
Evaluate -54 + 52 - ((-4 - -8) + -5 - 5).
4
What is the value of -29 + 2 - (-44 - (-62 + 18))?
-27
What is the value of 8 + -16 + -8 + 11 - -2?
-3
23 - (-2 - (10 - (0 + 5)) - -14)
16
What is the value of -9 + (-8 - (0 - 23 - (-84 - -91)))?
13
4 - (-41 + 38 + -26)
33
What is the value of -10 + (4 - 7) + (1 + -14 - -8)?
-18
What is the value of 5 - ((-7 - -11 - (8 + -6)) + 9)?
-6
What is the value of 12 - (9 - 13 - -10)?
6
Evaluate 8 + -8 - (-1 + 6) - (-29 + -1).
25
-19 - -15 - (-2 + -3) - -1 - -7
9
What is the value of -11 - ((-10 - -19) + -11) - -1?
-8
What is 4 + -1 - (15 - 24)?
12
Evaluate 17 - (-31 + 39) - -4.
13
Calculate -1 + (-17 - -1) + 1239 + -1230.
-8
Calculate -4 + -14 + 20 - (13 - 2 - 2).
-7
Calculate 3 - 0 - (-57 - -37).
23
(33 - (39 - 28)) + -8 + 0
14
Evaluate -18 - (45 + -58 + (1 - -9)).
-15
Calculate (6 - -1) + 5 + -10 - -1 - -12.
15
Evaluate (1 - 6) + (-308 - -303).
-10
What is the value of -18 + 1 - (-9 + (-3 - -31) + -15)?
-21
What is the value of -18 - (-7 + -9 + -32)?
30
29 - (29 + -4) - (-3 - -1 - -7)
-1
Calculate -3 - (3 + 3 - 3) - (31 - 28).
-9
What is 267 + -244 + 2 + -19?
6
-3 + 0 + 16 + -23 + 0
-10
(-1 - -10) + 10 + -16 + -36 - 0
-33
Evaluate (-2 - 6) + (-11 - 1 - -28) - 8.
0
What is the value of -10 - (-41 + (-31 - -36))?
26
Calculate -18 + -3 - (-2 + -3 + 0).
-16
What is the value of 24 + (-10 + -14 - 9)?
-9
Calculate -28 + (103 - 37) + -25.
13
-3 + (-25 + 30 + -14 - (8 - 1))
-19
What is 16 - (14 - (14 + -5))?
11
Calculate (19 - (12 + -3)) + (8 - -4).
22
Calculate (-23 + 45 - 67) + 24.
-21
16 + -10 + 2 + 1 + (44 - 40)
13
What is 32 - (17 + -17 + 37)?
-5
What is (-6 - 0) + 13 + 14 + -22?
-1
What is 1 + -17 - -19 - -13?
16
(-7 - -11) + -7 + 10 - -10
17
Evaluate -4 - (-10 - (-10 - (-6 - (-19 - -9)))).
-8
What is the value of 1 + (-13 - -12) + (5 - 8 - -12)?
9
Evaluate 13 - (-10 + (23 - -2)).
-2
Calculate 49 + -18 + -6 + -19.
6
-11 - (-30 + 2) - 17
0
Calculate -2 + 13 - (59 - 54).
6
What is -5 + (44 - 14) - 7?
18
-14 + (10 - (-25 + 16))
5
Evaluate -63 + 93 - (-3 + 19).
14
What is the value of (-39 - -41) + (-1 - -24) + -6?
19
What is 4 - (4 - 7 - (-19 + 0))?
-12
0 + 6 + 1 + -6 + 3 - 14
-10
What is (3 + 0 - -2) + 25 + (-21 - 14)?
-5
What is -5 + -16 + (1 - -10)?
-10
What is the value of -4 + 6 + -12 + (15 - 9)?
-4
Evaluate -1 + 3 + 11 - (27 + -37 + 7).
16
What is (3 - (-3 + 1)) + (-10 - -1) - -1?
-3
What is -37 - -21 - -23 - 3?
4
What is (51 - (52 + -18)) + -16?
1
(-11 - (-3 - (5 + -26))) + 7
-22
What is -2 + (-10 - -15) + (-9 - -4)?
-2
Evaluate -8 + (-22 - -29) - 19.
-20
What is the value of -6 + (0 + 8 - (5 + 4)) + -9?
-16
7 + (3 - ((-10 - -8) + -6))
18
Evaluate -8 - (-5 - (7 - (-6 - -6))).
4
What is -696 + 710 - (0 + -16)?
30
1 - -9 - (-14 - -14) - 5
5
Evaluate -12 + ((-10 - 8) + 17 - (-7 + -1)).
-5
79 - 92 - (-9 + -1)
-3
What is (19 + -21 - 2) + 13?
9
What is the value of -8 - 3 - (1 - ((-4 - 0) + 7))?
-9
What is (29 - 1) + (9 - 43) + 17?
11
Evaluate -2 - ((-7 - (1 - 5)) + -1).
2
What is (-3 - (12 + -21 + 14)) + 33?
25
Evaluate -7 - ((58 - 47) + -1 + -1 - 3).
-13
What is the value of -2 + 1 + 7 + (-39 - (-16 - 24))?
7
1 - -1 - (755 - 720)
-33
Evaluate 8 - (10 + -5) - (-60 - -60).
3
What is -16 + (-2 - (0 + 10 + -16))?
-12
Evaluate -8 - 0 - (-326 + 307).
11
What is 39 + (1 - (9 + -4))?
35
(2 - (-2 + 7)) + (86 - 93)
-10
Calculate (35 - (58 - 12)) + (-2 - -4).
-9
What is -12 + (-10 - -26) + 1 + 7 + 0?
12
Calculate (-1 - 0) + 7 - (1114 + -1120).
12
Calculate -31 - ((-9 - -18) + -26).
-14
What is 21 - 1 - (-6 + 9 - 5 - -4)?
18
(15 - 13) + (-1 - -8 - -5) + -4
10
What is the value of -36 + 7 - (-80 - -51)?
0
Calculate 2 + 0 + 7 + (-25 + 18 - -1).
3
What is the value of -51 - -61 - (-7 - (3 + -5))?
15
(-1 - 1) + (16 - 23) + 4
-5
Calculate -48 + 19 + -15 + (9 - (-3 - -2)).
-34
-21 - (-58 - -37) - 6
-6
Evaluate -3 - 0 - (-10 + 0 + 15).
-8
What is -12 + (9 - (-4 - (-4 - 7)))?
-10
Evaluate 1 - (-4 + -6 - (-34 - -1)).
-22
What is the value of (-15 - (-25 - -17) - -15) + -14?
-6
Evaluate 10 + 2 + -6 + 2 - -2.
10
Evaluate 8 - ((3 + 16 - 0) + -9).
-2
Calculate 16 + -15 + (27 - 10).
18
Calculate (-5 - (-6 + -14)) + -12.
3
What is -11 + (4 - (-12 + 5 + 1))?
-1
Calculate 5 + 2 + 441 + -423 + 1 + -28.
-2
Calculate 6 + -6 + -12 + -15 + 6 + -9.
-30
Calculate 4 - (26 + -21 + 4).
-5
What is (1 + -4 + -5 - 11) + 1 + 1?
-17
(8 - 31) + 37 + -21
-7
Evaluate -13 + (62 - 12) + -27.
10
-5 - (-19 - -14) - -12
12
Calculate 1 + (-16 - (6 - 6)) + 7.
-8
(-67 - -71) + 0 + -15
-11
Evaluate 5 + (2 - 14) + -3 + (27 - 2).
15
What is the value of -32 - (-11 - 27 - -11)?
-5
Calculate -4 - (1 - 9 - ((0 - 1) + -4)).
-1
Evaluate -117 + 107 - (-3 - (-1 - -22)).
14
What is the value of (396 - 374) + (-41 - -4)?
-15
What is 598 + -586 + (0 - 9)?
3
What is the value of 8 + -1 - (178 - 167)?
-4
(19 - 11 - (-2 + 5)) + -3
2
What is the value of (11 - (-3 + 8)) + -3 + 12?
15
Evaluate -19 + 82 - -1 - 27.
37
Evaluate (1 - 3) + 3 + (-17 - -5 - 2).
-13
What is the v